, m = -5*k + 6. Let y(w) = -w + 3. What is y(k)?
1
Let j(h) = h - 16. Let u = 64 + -57. What is j(u)?
-9
Let d be (-2 - (-5)/3)*-9. Let h(r) = -2 + 1 - r**d + 3. Suppose 0 = -2*w - 3*n - 2, -4*w + 2*n + 4 = -8. Give h(w).
-6
Suppose 2*m - 3*y = 31, -5*y - 21 = -5*m + 44. Let q(a) = a**2 - 9*a + 2. Calculate q(m).
-6
Let k(n) be the first derivative of n**4/4 - n**3/3 + n**2/2 + n - 27. Let x(c) = -c**2 + 0*c + 1 - c**3 + 6*c**3 + 3*c. Let g(t) = 6*k(t) - x(t). Give g(4).
1
Let c(k) = k**3 - 6*k**2 + 2*k + 4. Let g be 0 - (-4 - -8) - 22. Let y be 4*(-2 - g/8). Determine c(y).
-11
Let w(n) = -n**2 - 4*n + 2. Let t = -33 - -53. Let o be 5/t + (-17)/4. Calculate w(o).
2
Let c(u) = 2*u**2. Let y = -5 + 7. Suppose w + y + 0 = 0. Give c(w).
8
Let o(m) = 1 + 0*m - 2*m**2 + 0 - m**3 + 2*m. Give o(-3).
4
Let j(u) be the first derivative of -1/4*u**4 + 1/15*u**5 + 1/120*u**6 - u**2 - 4 + 1/2*u**3 + 0*u. Let a(t) be the second derivative of j(t). Determine a(-5).
8
Let o(y) be the first derivative of -y**4/4 + y**3/3 - y**2/2 + 4*y - 2. Let z = 5 - 5. What is o(z)?
4
Let w(c) be the second derivative of c**4/12 + c**3 + 2*c**2 + 26*c. Determine w(-4).
-4
Let l(k) = -k**3 - 10*k**2 + k + 14. Let z be l(-10). Suppose -2 = -5*p + z*p. Let s(n) = n**3 - 2*n**2. Give s(p).
0
Let o(z) = -8*z**2 + 5*z + 12. Let j(p) = -7*p**2 + 5*p + 11. Let h(i) = -7*j(i) + 6*o(i). What is h(6)?
1
Let v(h) be the second derivative of 0 + 3*h + 1/6*h**4 + 0*h**3 + 0*h**2. Give v(1).
2
Let a(q) = -q**3 - 6*q**2 - 3. Let r be a(-6). Let j(y) = 2*y**2 - y + 5. Let i(c) = c**2 + 1. Let m(n) = -3*i(n) + j(n). What is m(r)?
-4
Let i be 16*1/1*1. Suppose 0 = -3*f + 12, 4*a + f = -0*a + i. Let h(x) = -2 + 0*x**a - 6 - x - x**3. What is h(0)?
-8
Let n(q) = -2 + 1 + 4*q - 1 - 1 - 2*q**2. Give n(3).
-9
Let j = 9 + -13. Let f(q) = -2*q**2 - 5*q. Determine f(j).
-12
Let p(y) = 3*y + 20. Let z be p(-15). Let o = z + 24. Let j(s) = -7*s**2. Calculate j(o).
-7
Let g(h) = 6*h**2 - 2*h + 1. Let z(s) be the first derivative of s**4/4 + 4*s**3/3 - 2*s**2 + 6*s + 3. Let f be z(-5). Give g(f).
5
Let x(a) = 2*a**2 + 3*a + 3. Let d(i) = -i**2 + 3*i - 3. Let k(q) = q**3 - 5*q**2 - 6*q + 3. Let m be k(6). Let o be d(m). Give x(o).
12
Let m(b) = -2*b**3 - 2*b**2 + 3*b + 3. Let p be ((-14)/(-35))/(2/(-10)*1). Calculate m(p).
5
Let m = -6 + 10. Let z(w) = 0*w - m*w + w**2 + 4 - w. Suppose -3*h - u + 5 = -2, -h + 13 = -5*u. Determine z(h).
-2
Let o be (1 - 4)*(-4 - 1). Let k be 10/25 + (-21)/o. Let d(c) = c + 1. Calculate d(k).
0
Let i(w) = 4*w + 1. Let x(r) = -r. Let c(a) = i(a) - 3*x(a). Suppose -5*p - 4 = -p. Calculate c(p).
-6
Let z(r) be the third derivative of -5/24*r**4 - r**3 + 3*r**2 - 1/60*r**5 + 0*r + 0. Give z(-5).
-6
Let n(g) = -g - 1. Let o be n(-6). Let l(y) = -y**2 + 4*y - 4. Determine l(o).
-9
Let g(l) be the third derivative of -l**5/60 + l**4/3 + 11*l**3/6 - 2*l**2. Determine g(9).
2
Let y(x) be the third derivative of -x**5/60 - 5*x**4/24 + 3*x**3/2 - 6*x**2. Determine y(-7).
-5
Let y(v) = 13*v. Suppose -q + 4 = 3*q. What is y(q)?
13
Let u(m) be the second derivative of m**5/5 - m**2/2 + 6*m. Calculate u(-1).
-5
Let l = -2 - -3. Let k = 4 - l. Suppose -3 = 3*z + k. Let v(n) = -2*n - 3. What is v(z)?
1
Let n(v) be the second derivative of 4*v**3/3 - v**2/2 + 4*v. Determine n(1).
7
Let k(w) = -w**3 - 4*w**2 + 7*w + 2. Let g(t) = t**2 + 10*t + 20. Let u be g(-5). Calculate k(u).
-8
Let o(w) = w**3 + 2*w**2 - 5*w - 1. Let f(k) = -k - 5. Let g be f(-1). Calculate o(g).
-13
Let n be 2 + 3 + (3 - 2). Let p(k) be the second derivative of k**5/20 - 5*k**4/12 - 2*k**3/3 - 2*k**2 + 14*k. Give p(n).
8
Let i be 6/4*4/6. Let u(n) = -2*n - 4*n - i - 3*n - n. What is u(-1)?
9
Let m = 7 - 5. Let c be (m/(-3))/(4/(-18)). Suppose -g - 3*g - 4*i = 8, 30 = 5*g - c*i. Let t(v) = 2*v + 3. What is t(g)?
9
Let a(x) be the second derivative of x**3/3 + x**2 - x. Suppose 2*y + 3*f + 2*f = 11, 5*y = 2*f + 42. Let m = -6 + y. Determine a(m).
6
Let z(q) = 3 + 8 - q + 0*q. Let i(j) = -j**3 + 5*j**2 + 3. Let o be i(5). Suppose -26 = -4*l + 3*a, 3*l - 2*l + o = -4*a. Calculate z(l).
6
Let o = 9 - 6. Let j(f) = -2*f - 2. Let v(c) = -c - 1. Let t(r) = 3*j(r) - 5*v(r). Calculate t(o).
-4
Let i(p) = -2*p**2 + 3*p - 1. Let t(n) = n - 1. Let m(y) = i(y) - 5*t(y). Calculate m(-3).
-8
Let m be 3 + 0 + (-5 - -4). Let g(n) = -2 - 2*n + 4 - m. Give g(-4).
8
Let x(m) = 1. Let a(w) = -w - 6. Let h be a(-4). Let f(p) = p**2 + p + 2. Let q(d) = h*x(d) + f(d). Give q(-3).
6
Let u(t) be the first derivative of t**2/2 + 5*t - 10. Give u(-4).
1
Suppose w - 21 = 6*w + 3*y, 4*w = 2*y - 8. Let j(p) = p. What is j(w)?
-3
Let m = -6 + 3. Let j(x) be the first derivative of 5*x**2/2 + 2*x - 7. Let b(i) = -16*i - 6. Let l(w) = 3*b(w) + 10*j(w). Give l(m).
-4
Let y(n) = 18*n - 3. Let j(g) = 9*g - 1. Let a(t) = 7*j(t) - 4*y(t). Let q(m) = 4*m - 3. Let p(d) = 3*a(d) + 7*q(d). Give p(6).
0
Suppose 2*n = 5*f + 19, 5*f + n = 5*n - 13. Let o(d) = -d**2 - 4*d - 7. Determine o(f).
-12
Let p = -8 - -19. Suppose 9 = 4*c - p. Let t(m) = m**3 + 0*m**3 - 1 - 6*m**2 + 6*m - 6. Give t(c).
-2
Let n = -11 + 16. Suppose 21 - n = 4*d. Let k(p) = 2 + p - d*p + p. Give k(4).
-6
Let o(x) = 0 + 2 - 3 + x + 5. What is o(-2)?
2
Suppose -j = -3*j + 16. Let b = 4 - j. Let u(p) = 2 + 8*p - p**2 - 4 - 12*p + 0*p**2. Calculate u(b).
-2
Let q be 2/(-4) - 1/2. Let m(y) = y**2 - 1 + 2*y**3 + 93*y - 93*y. Calculate m(q).
-2
Suppose -7*g + g - 18 = 0. Let j(i) = -3*i - 2. What is j(g)?
7
Suppose 0 = 3*d - 26 - 4. Let j = d + -13. Let y(c) = 4*c + 4. Determine y(j).
-8
Let f(k) = k**2 - 10*k - 3. Let j be 94/10 + (-15)/(-25). Determine f(j).
-3
Let s be (1/1)/(2/(-14)). Let x(b) = 7*b**3 + 10*b - 6. Let w(n) = -8*n**3 - n**2 - 11*n + 7. Let f(c) = s*x(c) - 6*w(c). Calculate f(5).
5
Let v(q) = -q**3 - 4*q**2 + 2*q - 6. Let f be -5*(0 + (0 - -1)). Give v(f).
9
Let z(l) = 0*l + 7*l - 3*l - 2*l**2 - 5 + 3*l**3. Let o(g) = 3*g**3 - 2*g**2 + 3*g - 4. Let i(m) = -5*o(m) + 4*z(m). Calculate i(-1).
4
Let p(t) = -3*t + 11. Let s be p(5). Let l(h) be the third derivative of -h**4/24 - 2*h**2. What is l(s)?
4
Let z(n) = -5*n**3 + 5*n**2 - 8. Let r(h) = -4*h**3 + 4*h**2 - 7. Let x(d) = -6*r(d) + 5*z(d). Give x(0).
2
Let q(v) be the third derivative of -v**4/24 + 2*v**3 - v**2. Calculate q(0).
12
Let v(g) = 17 - 17 + 9*g - 8*g. Give v(0).
0
Suppose 12 = -8*d + 12*d. Suppose -v = 3*r + 14, -3*r - d*v = -0*r + 6. Let x(t) = -2*t - 4. What is x(r)?
8
Let c(g) be the third derivative of g**4/12 + g**3 + 30*g**2. Calculate c(6).
18
Let p be (2 - 0)*(-10)/(-4). Suppose 2*h = p*h + 15. Let t(d) = -d**3 - 6*d**2 - 5*d + 5. Give t(h).
5
Let z(y) = -3302*y + 3300*y - 1 + 3. What is z(-2)?
6
Suppose 4*w = 7 + 1. Suppose 3*a = -w*a + 10. Let v(t) = -t**2 - 3*t + 1. What is v(a)?
-9
Let y(n) = n**3 - 2*n**2 + 2*n - 2. Let t be y(2). Suppose t*f = -0*f. Let i(l) be the second derivative of l**4/12 - l**3/6 - 2*l**2 - 6*l. Determine i(f).
-4
Let b(q) = q**3 - 7*q**2 + 5*q + 3. Let j be b(6). Let m(p) = p**3 - 4*p**2 - 6*p + 5. Let y be m(5). Let a(r) = y*r - 2 + r + 2*r**2 - r**2. Give a(j).
4
Let u(k) = -k - 9*k + 0 + 1 + 4 + k**2. Determine u(9).
-4
Let o(w) = -4*w + w**3 + 110 + 3*w**2 - 110. Suppose -2*k + i = 2*i + 12, 4*i + 16 = 0. What is o(k)?
0
Suppose -2 = 4*n - 10. Suppose -n*y = 3*y - 10. Let l(m) = -3*m + 1 + m - 2*m**y + 1. Calculate l(-2).
-2
Let a(s) be the second derivative of s**5/20 + s**3/6 + s**2/2 + 2*s. What is a(2)?
11
Let t(c) be the first derivative of -2*c**3/3 + 4*c + 6. Determine t(3).
-14
Let y(k) = k**2 - 4*k. Let n(j) = -j**3 - 5*j**2 + 1. Let f be n(-5). Suppose 1 = -i - f. Let v = i + 5. What is y(v)?
-3
Let o(y) be the third derivative of -y**5/60 - y**4/3 - 2*y**3/3 + 3*y**2. Determine o(-5).
11
Let y be (-3 + 0)*(-1 - -2). Let c(l) = 5*l**2 + 3*l. Let m(w) = 4*w**2 + 3*w. Let h(s) = 2*c(s) - 3*m(s). What is h(y)?
-9
Suppose 2*g = -2*g - 12, -3*l - 5*g - 15 = 0. Let u(w) be the third derivative of 0 - 1/2*w**3 + 3*w**2 + l*w + 1/24*w**4. Calculate u(2).
-1
Let z(a) = -4 + 3 - 15*a**2 + 92*a - 92*a. Determine z(-1).
-16
Let a(c) = -7*c. Let i(j) = -50*j. Let w(z) = 20*a(z) - 3*i(z). Determine w(1).
10
Let g(s) be the second derivative of -s**5/20 - s**4/12 + s**3/2 + s**2